d derivative of j**4/24 - 3*j**2. Is z(9) prime?
False
Let n(t) = -11*t**3 - 2*t + 2. Let l(i) = 10*i**3 + 2*i - 1. Let p(r) = 3*l(r) + 2*n(r). Is p(2) composite?
True
Is (-1042)/(-1*8/4) a composite number?
False
Is 8/44 - (2 + 12054/(-11)) a composite number?
True
Suppose -1495 - 16 = -c. Is c composite?
False
Let b(q) = 31*q**2 + 2*q + 10. Is b(7) composite?
False
Let z(n) = 9*n**2 - 9*n - 5. Is z(-10) prime?
False
Suppose 3*a - l - 32 = 36, -5*a + 95 = 2*l. Is a composite?
True
Let h be -2*1 + (5 - 3). Let k be (h - 3)*6/(-3). Is 2/k - 312/(-9) a composite number?
True
Let d(o) = -6*o + 11 + 0*o + 44 + 5*o. Let j(x) = -x - 5. Let t be j(-5). Is d(t) a prime number?
False
Let w(c) = c**3 + 15*c**2 - c - 16. Is w(-14) a composite number?
True
Is (194/50 - 4)*-5*4915 a composite number?
True
Let l(k) = -3*k**3 + 3*k**2 - 5*k - 1. Suppose 4*x - x - 13 = 4*f, f + 6 = -2*x. Is l(f) prime?
False
Let t = 42 - 6. Suppose v - 53 = 2*q, q = 3*v - 123 - t. Is v prime?
True
Let g(z) = 271*z**3 + z**2 - 2*z + 1. Is g(1) a composite number?
False
Suppose -3*s - x + 543 = 4*x, 724 = 4*s + 5*x. Is s prime?
True
Let o = 6 + -4. Suppose -o*n + 473 = 3*h, 3*h + 2*n = -h + 632. Is h prime?
False
Suppose 2*k - 11 = k. Suppose -5*c + 0*c + 16 = 3*z, 5*z - 12 = -c. Suppose 5*v - 33 = -z*t, -v = -5*t + t - k. Is v a composite number?
False
Let k = -6 + 9. Let v = 4 - k. Is ((-96)/(-3))/1 - v prime?
True
Suppose 3*l = -2*g + 3412, -2*g - 2*g = -5*l - 6802. Is g a composite number?
True
Let l be 8/6*90/12. Let j = 3 - l. Let o = j + 26. Is o prime?
True
Let z(u) be the first derivative of 4*u**3/3 - 2*u**2 + 11*u + 4. Is z(-6) a prime number?
True
Let d(r) = -r**2 + 10*r - 5. Let t(j) = 7*j + 1. Let o be t(1). Let z be d(o). Is -4 + z + 1*2 a prime number?
False
Let q(u) = -u**3 - 5*u**2 + 6*u - 1. Let s be 7/(-4)*(4 + 0). Is q(s) composite?
True
Let z(t) = 2*t**3 - 7*t + 2. Let r(g) = -g**2 - g. Let n(f) = -2*r(f) - z(f). Is n(-7) a prime number?
True
Let i = -1548 - -3769. Is i composite?
False
Let c(p) = -31*p - 1. Let x be c(-2). Suppose 0 = 2*k + f - 80, -3*f + x = 5*k - 140. Is k prime?
False
Suppose 5*g = -5 + 20. Suppose g*o - 4*h + 157 = 0, 3 = -3*h - 3. Let i = o - -90. Is i composite?
True
Let u = 0 - -2. Suppose u*f + 127 = 3*f. Is f composite?
False
Suppose -5 = 3*s + j, -20 = 4*s + 2*j + 2*j. Suppose s = -g + 72 + 11. Is g prime?
True
Let t(o) be the second derivative of o**3/6 - 20*o**2 + 4*o. Let a be t(0). Let x = 43 - a. Is x composite?
False
Suppose -11 = l + 47. Let x = l - -125. Is x prime?
True
Let u = 217 + -104. Suppose 5*c + 45 + u = 4*f, 4*f - 146 = -c. Is f prime?
True
Let v(j) = j**3 + 4*j**2 - 7*j + 6. Let m be v(-6). Let c = m - -185. Is c a prime number?
False
Let x be (-3)/(-1) - (9 + -2). Let o be 2 + (x - -2) + -79. Let z = -53 - o. Is z a composite number?
True
Suppose -624 + 3679 = 13*r. Is r composite?
True
Let v(x) = 23*x + 1. Let t be v(-3). Let w = -19 - t. Let b = w - 26. Is b a composite number?
False
Suppose -322 = -10*t + 3*t. Is t a composite number?
True
Let v(b) = 2*b - b - 7 + 22. Is v(0) prime?
False
Suppose -5*k = 4*z, -2*k + 0*z = 2*z - 2. Let s(b) = 42*b**2 + 4*b - 3. Is s(k) a composite number?
False
Is (-2 + 8)/(6/321) prime?
False
Let g = 237 + -104. Is g composite?
True
Is 18/(-36) - 7/(-2) composite?
False
Let h = -44 - -54. Is h composite?
True
Suppose 5*f + 116 = f. Let w = -6 - f. Is w prime?
True
Suppose 0 = -5*b + 3*b - 5*y - 12, b - 20 = 4*y. Suppose g = b*g - 9. Suppose -g*z + 3 + 63 = 0. Is z prime?
False
Suppose 5*c - 885 = 650. Is c a prime number?
True
Is (3 + -1)/(18/13743) a composite number?
True
Let b = 291 + -40. Is b a composite number?
False
Suppose 5*v = 2*i + 17, 6 = 2*i + 5*v - 27. Suppose -i = y - 2*y. Suppose 0 = -y*p - p + 635. Is p a prime number?
True
Is (-134)/(-2 + 8/5) prime?
False
Suppose 202 = b - 129. Is b a composite number?
False
Let w be 12/(-42) - 46/(-14). Suppose 0 = -2*t - 4*x + 8, -2*t = 5*x - 2*x - w. Is t/(-15) + 206/10 prime?
False
Let d be 2*(3 + 999/6). Suppose -3*g - d = -6*g. Is g prime?
True
Let x = -7 + 13. Let u be (x + -1)*2/2. Suppose -u*g - c + 105 = 0, -4*c + 8*c - 63 = -3*g. Is g composite?
True
Is (-587)/((-7 - -3) + 3) prime?
True
Suppose 112 = 5*f - f. Let m = 63 - f. Is m composite?
True
Let t be 0/(-1) - (-11 - -5). Let q be (8/(-10))/(t/(-495)). Suppose -q = 4*u - 7*u. Is u a composite number?
True
Let f be (-143)/(-3) + (-4)/(-12). Let n = 175 - f. Is n a composite number?
False
Suppose 3*x = -x. Suppose 2*m + 1 - 5 = x. Is 45 + m - (0 + 0) a prime number?
True
Is (-12)/60 - 1796/(-5) prime?
True
Suppose w + 46 = -x + 6*x, 5*w + 5 = 0. Suppose -p = l - x - 141, p + 5*l - 130 = 0. Is p prime?
False
Let g = -5 - -3. Let a(t) = -16*t**3 + 2*t**2 + t - 1. Is a(g) a prime number?
False
Let i = -3 - -5. Is 43 + 1 + 1 + i composite?
False
Let h(c) = c**3 - 8*c**2 - 6*c - 5. Suppose 3*l + 2*m - 18 = 5*m, -5*l - 4*m + 57 = 0. Is h(l) prime?
False
Suppose -5*f = -5*h - 20, 4*f = -2*h - 0*f - 2. Is h + 2 + 90 + 0 a composite number?
False
Let n be -3 - ((-12)/(-2) + -3). Let d be 8/6*(-9)/n. Suppose d*i - 25 = 5. Is i a composite number?
True
Is (-286)/(-6) + (-8)/12 a composite number?
False
Let k(t) = 40*t**2 + 7*t - 22. Is k(-5) a prime number?
False
Let t(h) = 3*h**3 - 6*h**2 + 2*h + 2. Let x(l) = l**3 - 5*l**2 - 5*l - 3. Let u be x(6). Suppose 0 = -0*a + u*a - 15. Is t(a) prime?
False
Suppose -5*c - 5*r - 10 = -r, 31 = -c + 5*r. Let o(a) = a - 2. Let h be o(c). Let d = 23 + h. Is d a composite number?
True
Let f = 523 - 330. Suppose 0 = s - 5*g - 298, 3*s + g + g - 826 = 0. Let y = s - f. Is y a prime number?
False
Let w(i) be the second derivative of i**4/12 + 7*i**3/6 - 11*i**2/2 - i. Let z(l) = -l**3 + 3*l**2 + 15*l + 8. Let h be z(6). Is w(h) prime?
True
Let j(x) = -3*x - 3. Let l be j(-3). Suppose 7*b + 658 = 2*c + 3*b, 0 = 2*b + l. Is c a composite number?
True
Let b(j) = -j**3 + 7*j**2 - 8*j + 6. Let y be b(6). Let s be 7/3 + y/(-9). Suppose 0*l - 8 = -4*l, s*k - 189 = 3*l. Is k a composite number?
True
Let u be ((-1518)/(-9))/(6/9). Suppose c = 3*s + 215, 908 = 3*c - 4*s + u. Is c prime?
False
Let w(a) = 69*a**3 - 5*a**2 + 3*a - 7. Let t(g) = 35*g**3 - 2*g**2 + g - 3. Let u(d) = -5*t(d) + 2*w(d). Let h be u(-1). Let p = -22 + h. Is p composite?
True
Is 8/10 - 441/(-5) prime?
True
Suppose 0 = -p - 2*q - 6, 0*p - 2*q - 14 = -3*p. Suppose -p*o + 34 = -96. Is o prime?
False
Is -1 + 134/1 + -2 composite?
False
Let j = 6 - 4. Suppose j = -o + 5. Suppose 4*z - 464 = -0*x + 5*x, 3*x + 351 = o*z. Is z a prime number?
False
Let w(r) = -r**3 + 4. Let x be w(0). Let b be 1*x*(-6)/4. Let m = b - -21. Is m prime?
False
Suppose 21 = a - 5*b, 0*a - 4*b + 21 = a. Is a a prime number?
False
Suppose 4*y + 8*h = 3*h + 6108, -3*h = -12. Is y a composite number?
True
Let m be -3*(-6)/(-27)*-6. Is 1/m - (-375)/20 prime?
True
Suppose -4*j = -2*j - 1104. Suppose 0 = -4*v + 7 + 9. Suppose 2*d = 3*i + 254, -2*i = v*d + 3*i - j. Is d composite?
True
Suppose 3*z + 7 = 5*u + 2*z, -3 = -z. Suppose 5*n = 3*k + 162, -53 = -4*n - u*k + 59. Let t = n + 133. Is t a prime number?
True
Suppose 32 = -2*c - 64. Is 6/(-3) - 0 - c prime?
False
Suppose 0 = 56*c - 57*c + 6127. Is c prime?
False
Let n(k) = 2*k**3 + k**2 - 2*k + 1. Let f be n(1). Let c(d) = 3*d. Let j be c(f). Let i(b) = 3*b - 5. Is i(j) a prime number?
True
Let g = 5 - -15. Let c = 34 - g. Let y = 7 + c. Is y a composite number?
True
Suppose 4*p + 766 = 3*p. Suppose -5*v = 83 + 22. Is p/(-14) + (-6)/v prime?
False
Let i(t) = t**2 + 6*t + 4. Let b be i(-6). Let o(f) = -f**3 + 0*f**2 - 3*f + f**2 + 4 + b*f**2. Is o(3) a composite number?
False
Suppose -2*u - 23 - 17 = 0. Let q be -1*5*u/25. Suppose w = -2 - 0, 4*w = q*d - 484. Is d a composite number?
True
Let t(i) be the first derivative of 13*i**4/2 + i**3/3 - i**2 + i - 4. Is t(2) prime?
False
Let a = -4 + 7. Suppose i - 2*j + 9 = 0, -a = 2*i + j + 5. Let x(f) = -42*f - 7. Is x(i) a composite number?
True
Let v be (-1 - 120/(-9))*24. Is v + 3*(-4)/(-4) prime?
False
Let x = 1 + -4. Let n(c) be the third derivative of c**6/120 + c**5/10 + 2*c**3/3 + c**2. Is n(x) prime?
True
Let b(y) = -3*y**2 + 1 - 1 + 3 + 2*y**2 - 8*y. Let q be b(-8). Suppose 5*g = q*g + 158. Is g prim